s 12 divide 59724106?
False
Is 5346 a factor of 1338448331?
False
Is 1015 a factor of 718620?
True
Is 2244 a factor of 58514544?
True
Is 48 a factor of 783357120?
True
Is 10042 a factor of 1621883420?
True
Is 71245440 a multiple of 310?
True
Is 605697925 a multiple of 25?
True
Does 30 divide 25172974?
False
Is 8 a factor of 84719131?
False
Is 405616758 a multiple of 562?
False
Is 84339992 a multiple of 136?
True
Is 162347042 a multiple of 286?
True
Does 7 divide 18906383?
False
Does 2062 divide 5303213534?
False
Is 13 a factor of 40916795?
False
Does 742 divide 261965326?
True
Does 34 divide 1047082470?
False
Is 1667566786 a multiple of 67?
False
Is 212 a factor of 14152696?
True
Is 1138236951 a multiple of 219?
True
Is 11 a factor of 3005952796?
True
Does 29 divide 12192858?
False
Does 222 divide 9151062?
True
Does 21 divide 142590798?
True
Is 102 a factor of 111235978?
False
Is 21 a factor of 3769338244?
False
Is 5960170 a multiple of 205?
True
Is 557 a factor of 27416654?
True
Is 4413 a factor of 38507838?
True
Is 171192323 a multiple of 5?
False
Does 4417 divide 243995080?
True
Does 51 divide 139999992?
False
Is 112431679 a multiple of 4806?
False
Is 793 a factor of 57140408?
True
Is 171 a factor of 23752242?
True
Does 524 divide 4995322?
False
Is 1924 a factor of 34822476?
True
Does 973 divide 386455821?
False
Does 797 divide 75903092?
True
Is 361 a factor of 25838575?
True
Is 9 a factor of 36769741?
False
Is 392307 a multiple of 3?
True
Is 28385624 a multiple of 27?
False
Is 109134424 a multiple of 1652?
True
Is 15 a factor of 947527530?
True
Is 94987408 a multiple of 3?
False
Is 804 a multiple of 4?
True
Is 900 a factor of 216177688?
False
Is 36917814 a multiple of 11?
False
Is 8543866 a multiple of 12?
False
Is 581 a factor of 6659463?
False
Is 4878 a factor of 2612554362?
True
Does 11 divide 97019087?
True
Does 2430 divide 1693211850?
True
Is 6582417 a multiple of 3?
True
Is 363992372 a multiple of 577?
True
Is 16877443 a multiple of 757?
False
Is 31522920 a multiple of 605?
True
Is 356 a factor of 2998721232?
False
Is 2044748 a multiple of 1856?
False
Does 3144 divide 302601581?
False
Is 7 a factor of 1058762361?
False
Is 665 a factor of 5392485?
True
Is 13 a factor of 41516384?
True
Is 5982748 a multiple of 15?
False
Does 3616 divide 426474656?
True
Does 123 divide 5287524?
True
Is 24 a factor of 1275312?
True
Is 560 a factor of 243343520?
True
Does 2 divide 193173324?
True
Does 165 divide 27951495?
True
Is 121 a factor of 886054138?
False
Is 191122756 a multiple of 84?
False
Is 2146 a factor of 240787795?
False
Is 564054060 a multiple of 348?
True
Is 39876561 a multiple of 184?
False
Does 91 divide 165006126?
False
Is 445939120 a multiple of 95?
True
Is 5761140 a multiple of 165?
True
Does 42 divide 511933338?
True
Is 81 a factor of 123242995?
False
Is 282 a factor of 33534560?
False
Is 315443771 a multiple of 29?
False
Does 1289 divide 2041324?
False
Is 355258412 a multiple of 375?
False
Does 583 divide 37879842?
True
Does 37 divide 82066481?
True
Does 168 divide 721423741?
False
Does 50 divide 21458950?
True
Is 2445 a factor of 146049630?
True
Is 29056410 a multiple of 16?
False
Is 180 a factor of 75339900?
True
Does 2592 divide 1654577951?
False
Is 161516916 a multiple of 1188?
True
Does 625 divide 313137500?
True
Is 263 a factor of 139339426?
False
Is 42043905 a multiple of 15?
True
Does 1294 divide 22399140?
True
Is 9937091 a multiple of 301?
False
Does 40 divide 3159345760?
True
Is 24 a factor of 235999392?
True
Does 306 divide 6429739626?
True
Does 107 divide 26914245?
True
Is 53781480 a multiple of 15?
True
Is 494330564 a multiple of 2341?
False
Is 44824711 a multiple of 13?
False
Is 8 a factor of 195538861?
False
Is 241402934 a multiple of 3335?
False
Is 3807410 a multiple of 19?
True
Is 475 a factor of 252235925?
True
Is 42281549 a multiple of 227?
False
Does 10 divide 21429770?
True
Does 179 divide 467984171?
False
Is 255 a factor of 26383512?
False
Does 14 divide 132925296?
True
Is 186832676 a multiple of 4?
True
Is 779572964 a multiple of 732?
False
Is 735500337 a multiple of 1859?
True
Does 6715 divide 33631292?
False
Is 1585 a factor of 35418848?
False
Does 6456 divide 469867925?
False
Is 349008099 a multiple of 12?
False
Is 29 a factor of 56215815?
False
Does 72 divide 232192296?
True
Is 1746366 a multiple of 11?
False
Does 289 divide 17744889?
True
Does 387 divide 57707087?
False
Is 123396613 a multiple of 24?
False
Is 1445 a factor of 69124465?
True
Is 70092059 a multiple of 29?
False
Is 287 a factor of 16113485?
False
Is 20 a factor of 60167280?
True
Is 138965395 a multiple of 17?
True
Does 146 divide 10254253?
False
Is 22769440 a multiple of 808?
True
Does 463 divide 93288457?
False
Is 70359635 a multiple of 47?
False
Does 7 divide 19071624?
False
Does 68 divide 492915672?
False
Is 55 a factor of 85332113?
False
Is 30571303 a multiple of 7?
True
Is 505 a factor of 25875695?
True
Is 55431768 a multiple of 168?
True
Does 27 divide 12716709?
False
Does 7 divide 5756377?
False
Does 348 divide 19738527?
False
Does 434 divide 224648816?
True
Is 82699552 a multiple of 1976?
True
Is 21 a factor of 175964187?
True
Is 137 a factor of 192620810?
False
Is 560 a factor of 7763351?
False
Is 5578 a factor of 33194678?
True
Does 13 divide 25021830?
False
Is 2 a factor of 15639448?
True
Does 542 divide 2016782?
True
Is 549 a factor of 75762395?
False
Is 300797376 a multiple of 264?
True
Does 3121 divide 267069710?
False
Does 248 divide 123216393?
False
Is 7 a factor of 88376711?
False
Is 9 a factor of 12226041?
True
Is 28 a factor of 506453034?
False
Is 5 a factor of 1716355?
True
Does 9 divide 468810?
True
Is 1781556 a multiple of 501?
True
Does 2427 divide 519928015?
False
Is 15074 a factor of 4971751902?
True
Is 14825491 a multiple of 19?
True
Is 298 a factor of 448497152?
True
Is 84419940 a multiple of 444?
True
Is 255704769 a multiple of 2292?
False
Is 352 a factor of 53537032?
False
Is 296483144 a multiple of 152?
True
Does 7074 divide 2500078932?
True
Is 20 a factor of 200507040?
True
Is 1371121024 a multiple of 1696?
True
Is 343075972 a multiple of 197?
False
Does 1038 divide 2192798865?
False
Is 928641840 a multiple of 948?
True
Does 39 divide 621683795?
False
Is 104 a factor of 66210144?
True
Does 1275 divide 854668484?
False
Is 72930037 a multiple of 33?
False
Is 884484 a multiple of 1244?
True
Is 27 a factor of 26267294?
False
Is 8 a factor of 11286926?
False
Is 546517980 a multiple of 12?
True
Is 820096 a multiple of 43?
True
Is 22 a factor of 4923543680?
True
Is 1869402811 a multiple of 399?
False
Is 349 a factor of 156692542?
False
Does 78 divide 1298772774?
True
Does 25 divide 72768170?
False
Is 4 a factor of 22161830?
False
Does 1212 divide 676532340?
True
Does 314 divide 25691794?
True
Is 259 a factor of 4771795?
False
Does 30 divide 22777372?
False
Is 424 a factor of 2475482024?
True
Is 974327000 a multiple of 863?
True
Is 3 a factor of 6739401?
True
Does 1982 divide 35583608?
False
Is 33 a factor of 313798749?
True
Does 2633 divide 99319393?
True
Is 193766966 a multiple of 397?
True
Is 44 a factor of 65064910?
False
Does 5 divide 12165524?
False
Is 11053034 a multiple of 6?
False
Is 388041996 a multiple of 342?
False
Is 392375632 a multiple of 81?
False
Does 292 divide 15715148?
True
Does 13 divide 989987284?
True
Is 346 a factor of 93773510?
False
Is 20 a factor of 24094231?
False
Is 2556 a factor of 17378244?
True
Is 4408 a factor of 354197446?
False
Does 555 divide 174386644?
False
Does 74 divide 285904180?
True
Is 1849 a factor of 156823910?
False
Does 4708 divide 950807621?
False
Is 77298136 a multiple of 469?
False
Does 510 divide 5785950?
True
Is 769 a factor of 1807252434?
False
Is 46942642 a multiple of 4897?
True
Is 32147417 a multiple of 1779?
False
Is 50 a factor of 128476802?
False
Does 2378 divide 730188680?
True
Is 235 a factor of 10284540?
True
Is 128 a factor of 1256960?
True
Does 1002 divide 15798534?
True
Is 28 a factor of 105374175?
False
Does 9 divide 3264775?
False
Is 397914547 a multiple of 920?
False
Is 99225340 a multiple of 30?
False
Is 56803968 a multiple of 192?
True
Is 40118559 a multiple of 2?
False
Does 164 divide 118408628?
False
Is 3482884296 a multiple of 1656?
True
Does